List the prime factors of s.
2, 3
Let t(y) = 23*y**2 + 5*y - 3. Let o be t(3). Let q(f) = 40*f + 155. Let w be q(-5). Let j = w + o. What are the prime factors of j?
2, 3, 29
Suppose 289 = 3*g + 2*d - 428, g + 4*d = 249. Suppose -4*q - g = -7*q. Suppose 0 = -2*j + 61 + q. List the prime factors of j.
2, 5, 7
Let g(s) = 169*s + 2565. List the prime factors of g(35).
2, 5, 53
Let z(f) = 1023*f - 55. Let k(l) = -73*l + 4. Let v(h) = 55*k(h) + 4*z(h). Let p be v(2). Suppose -8*g + 6*g = -p. List the prime factors of g.
7, 11
Suppose -9 = a + c, 3*a - 2*a - 3*c + 5 = 0. Let g be (-32)/(-12) - a/(-12). Suppose 0 = g*x + 3*h - 48 - 84, 4*h - 56 = -x. List the prime factors of x.
2, 3
Let o be 1*(-1 + 125) + -4. Let z be (o/25)/6*(-5)/1. What are the prime factors of (8/10)/(z/10) + 52?
2, 5
List the prime factors of 22518 + -4 + 448/28*(-2)/(-8).
2, 3, 139
Let q = -1631 + 1682. Let k be ((-6)/(-4))/(1/2). Suppose 36 = k*p - q. List the prime factors of p.
29
Let i(n) = n**3 - 15*n**2 + 10*n + 12. Let v be ((-2)/4)/((-1)/30). Let z be i(v). What are the prime factors of z + (-4)/(7/(28/(-8)))?
2, 41
Let y(p) = 54*p**3 + 5*p**2 - 9. List the prime factors of y(3).
2, 3, 83
Suppose 0*u - 9*u - 18 = 0. What are the prime factors of u/12 + (-1 - (-23385)/18)?
2, 11, 59
Let a be 19876/(8 - 4) + 3/(-3). Suppose 32*r = 20*r + a. List the prime factors of r.
2, 3, 23
Let d(j) = 11*j**2 + 11*j + 13 + 0*j + j**3 - 1. Let o = 184 + -193. What are the prime factors of d(o)?
3, 5
Let v = 843 + -843. Suppose v = 555*b - 560*b + 955. List the prime factors of b.
191
Let j be (6/3 + 5)*2/7. Let i be 14656/16*j/8. Let w = i + -123. What are the prime factors of w?
2, 53
What are the prime factors of (46 + 4454/(-68))/((-2)/644)?
3, 7, 13, 23
Let f be 4/34 + (-6195)/(-85). Let o = 148 - f. List the prime factors of o.
3, 5
Suppose 34*y - 32116 - 1028990 = 0. What are the prime factors of y?
3, 101, 103
Suppose -14*u = 26*u - 262040. List the prime factors of u.
6551
Let j(z) = -z**3 + 7*z**2 + z - 7. Let x be (1 + -2)/1 + 8. Let w be j(x). Suppose 3*q + 5*v = 93, w = v + 2*v + 9. List the prime factors of q.
2, 3
Let j = -177 + 179. Suppose a - 2*a + 110 = 5*t, j*t - 550 = -5*a. What are the prime factors of a?
2, 5, 11
Suppose 0 = 5*p - 3*o - 21, -3 = -p + o - 0*o. Let g(i) = -2*i**2 - 6 - 6 - p*i - 30*i + 13. What are the prime factors of g(-15)?
7, 13
Suppose -6*b - 5*m + 76990 = -234913, 3*b = m + 155927. What are the prime factors of b?
2, 3, 8663
Let z(r) = -7*r**2 - 10*r - 15. Let h be z(-2). Let d = h + 239. List the prime factors of d.
2, 3
Suppose 2*c = -4*z + 1906, 0 = -3*z - 5*c + 103 + 1323. Suppose j + 5*k = z, -2*k + 2405 = 5*j + 3*k. List the prime factors of j.
2, 241
Let h(a) = -2*a**2 - 44*a + 67. Let n be h(-23). Suppose -10370 = -n*r + 18463. What are the prime factors of r?
1373
Let a(h) be the second derivative of 17*h**4/4 - h**3/2 - 3*h. Let d = -287 + 289. List the prime factors of a(d).
2, 3, 11
Let n = -36 + 78. Suppose 4*d - 102 - 74 = 0. Suppose -72 = -d*u + n*u. What are the prime factors of u?
2, 3
Suppose -126448 = 15*s - 13*s. List the prime factors of 2/9 - s/126.
2, 251
What are the prime factors of (-114)/(5/10*7/(17101/(-28)))?
3, 19, 349
Let n(l) be the third derivative of 5*l**4/12 + 8*l**3 + 59*l**2. What are the prime factors of n(17)?
2, 109
Let q(h) = -h**3 - 110*h**2 + 118*h + 1386. What are the prime factors of q(-113)?
43, 613
Suppose -47*l - 1527860 - 1317004 = -179*l. What are the prime factors of l?
2, 3, 449
Let z(y) = y**3 - y + 5. Let o be z(3). Suppose o*r = 4144 + 3628. List the prime factors of r.
2, 67
Let w be (-39285)/(-10) + 4/(-8). Suppose 2*o - 5*b = 1328, w - 1296 = 4*o - 4*b. List the prime factors of o.
2, 3, 109
Let u(m) be the first derivative of m**4/4 - 16*m**3/3 - 5*m**2 + 16*m + 30. List the prime factors of u(17).
3, 5
Let j be (-4)/3*3/(-2). Let k = 374 - j. Suppose 3*y = 5*m - k, -148 = -5*m + 3*m + y. What are the prime factors of m?
2, 3
Let k = -325 - -681. Let b = -22 + k. What are the prime factors of b?
2, 167
Suppose 2*h - 1197 = -3*k, h - 2*k - 65 - 537 = 0. Let g(s) = 2*s**2 + 18. Let p be g(6). Suppose 87*a - p*a = -h. List the prime factors of a.
2, 5
Let h(w) = 477*w**2 - 460*w - 34. What are the prime factors of h(8)?
2, 3, 41, 109
What are the prime factors of (6/(-27) - (-58)/18)*684371/87?
23599
Suppose 13*k - 2*g + 4942 = 14*k, -4949 = -k + 5*g. Suppose 0 = 19*r + k - 32228. What are the prime factors of r?
2, 359
Let a = 1214 + -469. What are the prime factors of a?
5, 149
Suppose 0 = 30*a - 31*a + 3. Suppose -a*f - 412 = -5*f. List the prime factors of f.
2, 103
Let r = 4857 + -2466. What are the prime factors of r?
3, 797
Let a(t) = 24*t**2 - 5*t - 7. Let u be a(-2). Let z = 13 + u. What are the prime factors of z?
2, 7
Let d = 79540 - 47672. List the prime factors of d.
2, 31, 257
Let f(z) = z**3 + 7*z**2 - 4*z - 55. Let s be f(-6). Suppose s*o = 12*o - 7147. List the prime factors of o.
1021
Suppose 0 = 3*p + 5*d + 5 + 26, -3*d + 51 = -4*p. Let t(n) = -n**3 - 11*n**2 - 14*n - 7. What are the prime factors of t(p)?
5, 61
Let n(r) = 2*r - 6. Let i be n(5). Suppose i*d + 72 = 64. What are the prime factors of d - -77 - 0/(-1 - 1)?
3, 5
Suppose z = 5*k + 6, 0*k + 5*k = 0. Suppose 17*q = 21*q + 3*s - 2645, 0 = -2*s + z. List the prime factors of q.
659
Let l(i) = 208*i - 322. List the prime factors of l(42).
2, 7, 601
Let i(h) = h**3 + 4*h**2 + h + 4. Let f be i(-4). Suppose -4*t = 4*d - 24, f = -3*d + 1 + 8. Suppose -y + 352 = t*y. List the prime factors of y.
2, 11
Suppose 420 = 5*t + 2*f, -2*t = -7*t + 2*f + 440. Suppose 3*q - 683 = -t. List the prime factors of q.
199
Suppose 0 = 5*g + 14*g - 64410. Suppose -13*k + 3*k = -g. What are the prime factors of k?
3, 113
Let b(n) = -10*n - 54. Let z be b(21). Let i = z + 312. List the prime factors of i.
2, 3
Let l(o) = -10*o - 9. Let c(d) = 30*d + 28. Suppose -q = 2*q + 15. Let x(g) = q*c(g) - 16*l(g). List the prime factors of x(12).
2, 31
Let z = 180 - 168. Suppose z*o - 18*o = -2016. What are the prime factors of o?
2, 3, 7
Let l = -4 - -19. Suppose -h = 4*h - l. Suppose -d - h*i = -68, 0 = -3*d + 7*d + 3*i - 254. List the prime factors of d.
2, 31
Suppose -s + 3*s + 5*l = 0, 0 = 5*l + 10. Suppose 5 = s*i - 755. What are the prime factors of i?
2, 19
Suppose -w + h + 3*h + 26 = 0, 4*h + 12 = 0. Suppose w*n - 12*n = 10. Suppose 3*k + 4*q = 181, -n*k - q - 3*q = -299. What are the prime factors of k?
59
Let o = 25170 - 16091. List the prime factors of o.
7, 1297
What are the prime factors of (-8 - (14 + -10))/(3*3/(-474))?
2, 79
Let k(j) = -j**3 + 11*j**2 - 14*j + 6. Let q be k(7). Let h = q + 121. What are the prime factors of h?
3, 5
Suppose 9*h - 4*h = 2*u - 53, h + 167 = 5*u. Let z be 3/(-12) + (1 - u/(-8)). Suppose 4*w - 2*b - 332 = -6*b, 5*b + 395 = z*w. List the prime factors of w.
3
Let k(x) = -16*x - 130. Let w be k(-6). Let o = w - -37. List the prime factors of o.
3
Let i(b) = -140 - 2*b**2 + 27*b + 152 + b**2. List the prime factors of i(25).
2, 31
Let t(q) = 28*q**2 + 9. Let l = 12 - 9. Let a be t(l). Suppose -5*y + 70 = -m + 2*m, -3*m + 2*y = -a. What are the prime factors of m?
5, 17
Suppose -5*h + 0 + 5 = 0, 5*h = 5*l - 380. Let f be (l - 1)/(-1) + (-7 - -7). Let w = -20 - f. What are the prime factors of w?
2, 7
Let p = 472 - 458. Suppose 4*t - p + 6 = 0, -5*t + 586 = 4*k. List the prime factors of k.
2, 3
Let p(d) = 2*d**2 + 22*d - 12. Let m be p(-11). Let i be m/((-9)/(-24)*-2). Suppose 4*o - i = 276. List the prime factors of o.
73
Suppose 197*h - 224*h = -906147. List the prime factors of h.
3, 11, 113
Suppose 0 = 60*b - 30468 - 23892. What are the prime factors of b?
2, 3, 151
Suppose -12*o + 10*o = 3*q - 19044, -4*q - 38108 = -4*o. List the prime factors of o.
3, 5, 127
Suppose -3*t - o = 2 + 17, -3*t + 5*o = 13. Let x = 10714 - 11305. List the prime factors of x*(4 - (-26)/t).
197
Suppose -43*s = 29029 - 107805. List the prime factors of -3 - (15/(-3) - s - 2).
2, 3, 17
Suppose -10*n + 49 + 51 = 0. Suppose 515 + 1135 = n*r. List the prime factors of r.
3, 5, 11
Let o(u) = u. Suppose 27*a - 32*a = 10. Let d be o(a). What are the prime factors of (5 + -5)*(-1 - d) + 89?
89
Let g(b) = b**2 + b - 2. Let y 